
2
Let s = 20 + -14. What is the highest common divisor of 42 and s?
6
Let j(z) = -36*z. Let f be j(-3). Calculate the greatest common factor of 12 and f.
12
Let r(x) = -18*x - 1. Let i be r(1). Let o = 80 - i. What is the highest common divisor of o and 9?
9
Suppose 2*i - 68 = -4*o + i, 3*i + 48 = 2*o. What is the highest common divisor of o and 18?
18
Suppose -215 = -2*y + 91. Suppose 0 = -5*s - 28 + y. Calculate the greatest common factor of 200 and s.
25
Suppose 4*z - 25 = 2*z + q, z - 3*q = 20. Let p be 15/12 - (-2)/(-8). Calculate the greatest common divisor of z and p.
1
Let p(j) = -4*j**2 - 51*j - 16. Let q be p(-12). Let n be (90/(-8))/((-3)/8). Calculate the highest common factor of q and n.
10
Suppose 4*y - 477 = 5*j - 2*j, -3*y - j + 374 = 0. Suppose -2*p - 33 = -y. Calculate the highest common divisor of p and 5.
5
Let r = 39 - 25. Calculate the greatest common divisor of r and 56.
14
Suppose -2*o = -12 + 2. Suppose -3*g - o*b = -75, 114 = -4*g + 8*g + 2*b. What is the highest common factor of 20 and g?
10
Suppose 3*v + 13 = 4, -5*s = 2*v - 94. Let x = 21 - s. What is the greatest common divisor of x and 1?
1
Suppose -4*n + 51 - 15 = 0. Suppose 2*c + 2*u - 8 = 0, -4*c = -9*c + u + 50. Calculate the greatest common divisor of n and c.
9
Suppose 90 - 30 = 3*w. What is the greatest common divisor of 8 and w?
4
Suppose 0 = -b - 11 + 39. Let y be (-4)/(-8) - 9/2. Let f be ((-14)/y)/(6/12). Calculate the greatest common divisor of f and b.
7
Suppose -8*p = -11 - 157. Calculate the highest common divisor of 3 and p.
3
Suppose 0 = -3*u + 4*o + 168, 5*u - o = o + 280. Calculate the highest common factor of 14 and u.
14
Suppose -4*n + 4 = -24. What is the greatest common divisor of n and 21?
7
Let r(c) = c**3 + 9*c**2 + 5*c + 6. Let m be r(-8). What is the highest common factor of m and 40?
10
Let w be (386*-1)/(-2) + 3. Let f = -106 + w. What is the highest common factor of f and 36?
18
Suppose -4*l + 9 = -c, 3*c + 3*l + 2*l - 24 = 0. Let u(f) = 2*f + 4. Let v be u(c). Calculate the greatest common factor of v and 20.
10
Suppose 3*n - 6 = 5*j - 22, n + 10 = 4*j. Let y = 9 + 5. Calculate the highest common factor of j and y.
2
Suppose -5*z + 95 = 5*p, -4*z - 75 = -3*p - z. What is the highest common factor of p and 286?
22
Let w(y) = 3*y**2 + 2 + 5*y - y + 4*y**2. Let j be w(-2). What is the highest common divisor of 33 and j?
11
Let x(v) = -17*v**3 + 1. Let a be x(-1). Calculate the highest common factor of a and 2.
2
Suppose -60 = -3*c - c. Let n be -1 + -1 - (-15)/3. What is the highest common divisor of c and n?
3
Suppose 4*g = -g - 4*p + 230, 0 = -g - 3*p + 57. Let x be ((-5)/((-15)/(-18)))/((-10)/175). What is the highest common factor of g and x?
21
Suppose p - 6 = 1. Let s be 6/(-21) + 177/p. What is the greatest common divisor of s and 5?
5
Suppose -3*q - 5*n + 124 = 0, -2*n = q - 5*n - 32. Let t = q - 13. Calculate the greatest common factor of 125 and t.
25
Let p = 97 - 57. Calculate the greatest common divisor of p and 8.
8
Suppose -3*t + 1323 = i + i, 2*i = 2*t + 1328. Suppose -4*p + 524 = 4*j, -5*j - 4*p + i = -p. What is the highest common factor of 54 and j?
27
Suppose -4*m = 5*n - 42, m - 5*n - 14 = -2*m. Suppose 0 = 7*g - 204 + 36. Calculate the highest common divisor of g and m.
8
Let k(x) = 2*x**2 + 60. Let c be k(0). Calculate the greatest common divisor of 12 and c.
12
Let i be 540/8 + 3/(-2). What is the highest common divisor of i and 44?
22
Suppose -28 - 4 = 2*f. Let h = -10 - f. Let y be (-3)/(-2*h/440). What is the highest common factor of 10 and y?
10
Suppose 4*x - 6*x + 64 = 0. Suppose 0 = -w - 3*w + x. Calculate the greatest common factor of w and 8.
8
Let w = -54 - -162. Calculate the greatest common divisor of w and 9.
9
Suppose w - 64 - 35 = 0. What is the highest common factor of w and 11?
11
Let h(s) = -s**2 + 7*s + 3. Let i be h(7). Suppose -3*d + 20 = 2*d. Suppose 5*l - i*c = 529, -c + 1 = d. Calculate the greatest common divisor of l and 13.
13
Suppose -f + o - 2 = 0, 0*o + 5*o = 20. Let w(g) = -6*g + f*g - 8 + 2*g. Let v be w(-10). Calculate the greatest common factor of v and 30.
6
Let r be (-105)/(-6) - (-1)/2. Suppose -4*u + r = -u. What is the greatest common divisor of 42 and u?
6
Let x be (-6)/(-8) + 285/(-12). Let t = x + 33. Calculate the greatest common divisor of t and 10.
10
Let w(n) = -n**3 - 3*n**2 - 2*n + 2. Let m be w(-2). Suppose 4*o + 0*r + m*r = 100, -5*r = o - 34. What is the greatest common factor of o and 168?
24
Let j be (1 - -3) + 17 + 2. Calculate the highest common factor of 23 and j.
23
Let o = -53 - -105. What is the greatest common factor of 39 and o?
13
Let p = -95 - -106. Suppose -22 = 5*r - 462. What is the greatest common factor of p and r?
11
Let a(p) = -p**2 + 7*p + 7. Let b(y) = 7*y**2 - y - 1. Let m be b(-1). Let o be a(m). Calculate the greatest common factor of 1 and o.
1
Let y = -75 + 120. Let s = 8 - 3. Calculate the highest common divisor of s and y.
5
Let b be ((-27)/2)/((-1)/2). Let w = -64 + 73. Calculate the greatest common factor of b and w.
9
Suppose -3*c + 55 = -5*g - 0*g, 3*g + 21 = c. Suppose 0 = a - 6 - 1. Let x = c - a. What is the greatest common factor of x and 24?
8
Let v be 2/7 + (-138)/(-7). Let u = 29 - v. Calculate the greatest common divisor of 36 and u.
9
Suppose 2*g = 0, -2*g + 16 = b + g. Suppose 4*o - b = -3*k, 0 - 3 = -3*o. Suppose 60 = k*t - t. What is the highest common divisor of t and 30?
10
Let h(b) = 17*b + 6. Let w be h(5). Let i(l) = l**2 - 8*l + 9. Let s be i(7). Let u be s + (-11)/(-1) - 0. Calculate the greatest common factor of u and w.
13
Let g = 6 - 6. Let o be (0 + -1)*-1*g. Suppose o = q + 3*q - 32. Calculate the highest common factor of 56 and q.
8
Let k = 7 + 0. What is the greatest common factor of 21 and k?
7
Suppose 3*t - t + 4*r = 56, -r + 50 = 2*t. Suppose -141 = -3*x - 33. What is the greatest common divisor of x and t?
12
Let h = 2 - -1. Suppose h = x - u - u, x = -2*u + 3. Let z(n) = n**2 - n + 4. Let i be z(5). What is the greatest common divisor of i and x?
3
Suppose 3*z = -212 - 100. Let n = z + 203. What is the greatest common divisor of 9 and n?
9
Suppose -6*z + 8 = b - 2*z, -5*z = -3*b + 41. Calculate the highest common divisor of 60 and b.
12
Let c = -17 - -30. Suppose 2*t + 54 = -t. Let p be (-464)/t + (-14)/(-63). Calculate the greatest common factor of p and c.
13
Suppose -w - 2*c + 3*c + 37 = 0, 2*c = -3*w + 91. Calculate the highest common factor of w and 11.
11
Suppose -13*h + 121 + 113 = 0. What is the highest common divisor of 72 and h?
18
Let p be 2/10 + (-51)/5. Let v = p - -14. Suppose -v = -2*s - 0. Calculate the greatest common factor of s and 3.
1
Let l(h) = -7*h - 5. Let p be l(-4). Calculate the highest common factor of 69 and p.
23
Let v be (-6)/(-9) + (-28)/(-3). Let p be (180/4)/(2/4). What is the greatest common divisor of p and v?
10
Suppose 0 = i + 1 - 5. Suppose 6*c = 2*c - 5*g + 188, -i*c = -5*g - 148. What is the highest common factor of 7 and c?
7
Let w be 1/(-1*1/2). Let n = 63 - w. Calculate the greatest common divisor of 26 and n.
13
Let z = 19 - 11. Suppose 60 = 11*o - 28. Calculate the highest common factor of z and o.
8
Suppose 4*q - 64 = -3*t + 116, -240 = -4*t - 3*q. Suppose 6*s - 149 = 91. What is the highest common factor of s and t?
20
Suppose -5*w + 2*m = -18, 5*w - 4 - 2 = -m. Suppose -w*g + 7*g - 45 = 0. Let v = g - -51. What is the highest common factor of v and 12?
12
Suppose 3*n - 7*n = -96. Let c be n/42*(-7)/(-2). What is the greatest common factor of c and 2?
2
Suppose 44 = -3*r + 254. Let y = -108 - -77. Let j = y - -59. What is the highest common divisor of j and r?
14
Let j be 412/8 - 2/(-4). Suppose -h = k - 12, -h + j - 20 = -4*k. What is the greatest common divisor of 32 and h?
16
Let m be 12 - (-1 - (1 - 3)). What is the highest common factor of 22 and m?
11
Suppose y + 0*y + 256 = 5*b, -60 = -b - 2*y. Calculate the highest common factor of b and 78.
26
Let a = 2 - -1. Suppose -3*u = 2*u + a*o - 25, -o + 11 = 2*u. Calculate the highest common factor of u and 72.
8
Let b = -27 + 31. What is the greatest common factor of b and 44?
4
Suppose 0 = u + 2, -4*g + 2*u + 76 = -g. Calculate the highest common divisor of g and 40.
8
Let n be 4/18 - 122/(-18). 